 of 17962588?
True
Is 171 a factor of 31670910?
True
Is 3330 a factor of 1778842710?
True
Is 96136434 a multiple of 31?
False
Does 473 divide 15258069?
False
Is 201486976 a multiple of 2476?
True
Is 39 a factor of 11675352?
True
Is 61 a factor of 12739923?
False
Does 5 divide 147041227?
False
Is 15197718 a multiple of 789?
True
Does 2283 divide 30501752?
False
Is 25593558 a multiple of 6?
True
Is 7 a factor of 2852098?
False
Does 306 divide 23729688?
True
Is 304265827 a multiple of 67?
True
Does 46 divide 2885388?
False
Is 522 a factor of 427370138?
False
Is 402656520 a multiple of 420?
True
Is 18 a factor of 62298474?
False
Does 36 divide 2086215912?
True
Is 641063952 a multiple of 258?
True
Is 87168240 a multiple of 30?
True
Is 9162720 a multiple of 54?
True
Is 39948212 a multiple of 62?
True
Is 2279762 a multiple of 2818?
True
Is 306 a factor of 1760168916?
True
Is 2377866 a multiple of 3?
True
Does 59 divide 1796084834?
False
Is 129322015 a multiple of 132?
False
Is 294502464 a multiple of 546?
False
Is 26216467 a multiple of 22?
False
Is 276414 a multiple of 3?
True
Is 3922 a factor of 870987937?
False
Does 948 divide 22428931?
False
Does 7 divide 2242380?
True
Is 7932262 a multiple of 1452?
False
Is 73365175 a multiple of 475?
True
Does 65 divide 766064501?
False
Does 736 divide 12818912?
True
Does 1804 divide 2178140580?
True
Is 31 a factor of 20246338?
False
Is 857 a factor of 44787677?
True
Is 866166660 a multiple of 102?
True
Is 6 a factor of 49561401?
False
Is 95 a factor of 716140327?
False
Is 825 a factor of 181707900?
True
Is 93 a factor of 90762420?
True
Is 75 a factor of 708035769?
False
Is 102361425 a multiple of 936?
False
Does 16 divide 541018618?
False
Does 884 divide 374910588?
True
Is 650360100 a multiple of 1533?
False
Is 65 a factor of 11651546?
False
Is 1544658531 a multiple of 547?
True
Does 2477 divide 235607286?
True
Is 1119 a factor of 62644069?
False
Does 82 divide 1392842324?
True
Is 35 a factor of 4522979?
False
Is 105912405 a multiple of 9?
True
Is 19 a factor of 10252267?
True
Does 20 divide 69195700?
True
Is 2180 a factor of 12322313?
False
Is 1392 a factor of 50093904?
True
Is 776 a factor of 2525509024?
False
Does 1941 divide 489916620?
False
Does 37 divide 144557927?
True
Does 159 divide 12341421?
True
Does 229 divide 63776271?
True
Is 74 a factor of 20208438?
True
Does 320 divide 8123976?
False
Is 804 a factor of 15061598?
False
Is 74130151 a multiple of 43?
True
Is 2743131600 a multiple of 14?
False
Is 48036000 a multiple of 250?
True
Does 383 divide 14489075?
False
Does 91 divide 106442310?
False
Does 23 divide 1036217118?
False
Is 3465478293 a multiple of 9?
False
Is 1711838042 a multiple of 4961?
False
Is 298162942 a multiple of 154?
True
Does 636 divide 57465144?
True
Does 30 divide 109286700?
True
Does 14 divide 59193064?
True
Is 5980493 a multiple of 4?
False
Is 10913860 a multiple of 620?
True
Does 55 divide 48579855?
False
Does 498 divide 6446319?
False
Is 61089274 a multiple of 14?
False
Is 38 a factor of 24555790?
True
Is 310 a factor of 6961670?
True
Is 1604219904 a multiple of 1458?
True
Does 385 divide 14551157?
False
Is 181610111 a multiple of 142?
False
Does 29 divide 181807119?
True
Is 13963937 a multiple of 12?
False
Is 194 a factor of 11465594?
True
Is 805504784 a multiple of 4641?
False
Is 68 a factor of 1028023320?
True
Does 17 divide 4457414?
False
Is 1224 a factor of 11429712?
True
Does 5072 divide 294236864?
True
Is 86 a factor of 237152912?
True
Does 5 divide 22871051?
False
Does 381 divide 47951273?
False
Does 1588 divide 76732160?
True
Does 5 divide 1606978896?
False
Is 107 a factor of 22244600?
False
Is 19 a factor of 247203689?
False
Is 16 a factor of 13287920?
True
Is 42 a factor of 1072638?
True
Does 4 divide 7536559?
False
Does 690 divide 4806381876?
False
Does 919 divide 138221276?
True
Is 51619323 a multiple of 7?
True
Is 1008946375 a multiple of 125?
True
Is 181 a factor of 67998442?
True
Is 626758634 a multiple of 40?
False
Is 41 a factor of 38913264?
True
Is 220 a factor of 97218254?
False
Does 1493 divide 3141439?
False
Does 1171 divide 22107986?
False
Is 141 a factor of 99834204?
True
Does 19 divide 1635005385?
True
Is 8236900 a multiple of 350?
True
Is 32 a factor of 29347232?
True
Is 355497676 a multiple of 2545?
False
Does 1016 divide 32681672?
True
Is 32702900 a multiple of 25?
True
Does 235 divide 144185079?
False
Is 2 a factor of 4186192?
True
Is 67 a factor of 2151725657?
False
Does 646 divide 484016809?
False
Is 860 a factor of 9811740?
True
Does 1298 divide 674119792?
False
Does 2216 divide 16757195?
False
Is 34 a factor of 29264531?
False
Is 158179427 a multiple of 133?
True
Does 36 divide 214816753?
False
Is 2645 a factor of 53759625?
True
Does 395 divide 11606801?
False
Is 149 a factor of 282650914?
True
Is 47 a factor of 50071121?
True
Is 280 a factor of 3929514068?
False
Is 15669825 a multiple of 25?
True
Is 44 a factor of 647031160?
False
Is 43616887 a multiple of 11?
False
Is 411 a factor of 9254076?
True
Is 5 a factor of 8339990?
True
Is 18 a factor of 1471908510?
True
Is 134760192 a multiple of 147?
True
Is 10678795 a multiple of 5?
True
Is 47 a factor of 43324036?
True
Is 145252628 a multiple of 482?
True
Is 279 a factor of 7860825?
True
Is 96403580 a multiple of 188?
True
Is 1209284260 a multiple of 43?
False
Is 872820222 a multiple of 3566?
False
Is 62 a factor of 81741682?
False
Is 6566467 a multiple of 259?
False
Is 55 a factor of 536344270?
True
Is 30329175 a multiple of 75?
True
Is 16 a factor of 48175302?
False
Does 1483 divide 261393580?
True
Does 1135 divide 2364298070?
True
Does 5 divide 59879795?
True
Does 18 divide 479320560?
True
Is 818099061 a multiple of 5604?
False
Is 714 a factor of 315104258?
False
Does 30 divide 29178210?
True
Does 23 divide 182657168?
True
Is 292 a factor of 252272232?
True
Does 27 divide 38712004?
False
Does 243 divide 1921955153?
False
Is 528027253 a multiple of 13?
True
Does 20 divide 1770420?
True
Is 1405 a factor of 934000445?
True
Does 277 divide 43452578?
False
Is 4853 a factor of 701331010?
False
Is 444 a factor of 136358506?
False
Is 1153971056 a multiple of 16?
True
Is 24 a factor of 5469864?
True
Is 344155758 a multiple of 19?
False
Is 36062780 a multiple of 130?
True
Is 192 a factor of 13648277?
False
Is 149 a factor of 2171148434?
True
Is 36 a factor of 27435637?
False
Does 226 divide 47025626?
False
Is 168560916 a multiple of 17?
True
Is 40494255 a multiple of 17?
True
Does 5 divide 47894566?
False
Does 68 divide 102581981?
False
Does 178 divide 96120890?
True
Is 141 a factor of 114950390?
False
Is 79 a factor of 163792201?
True
Is 415 a factor of 184106035?
True
Is 24 a factor of 1929924?
False
Does 334 divide 88569751?
False
Is 92708097 a multiple of 56?
False
Is 7488294 a multiple of 138?
True
Does 10 divide 14242850?
True
Does 97 divide 3543169813?
False
Is 637954737 a multiple of 2702?
False
Is 610876210 a multiple of 2639?
False
Does 23 divide 45342055?
False
Is 163 a factor of 79342695?
True
Is 44761108 a multiple of 113?
True
Does 769 divide 1534393134?
False
Does 4383 divide 2397233637?
True
Does 379 divide 2515744724?
False
Is 255 a factor of 25006671?
False
Does 92 divide 8647356?
True
Is 81323359 a multiple of 39?
False
Does 15 divide 14117893?
False
Does 542 divide 328590970?
False
Is 22 a factor of 20887812?
True
Is 400546696 a multiple of 16?
False
Does 218 divide 71212316?
True
Does 1776 divide 397356663?
False
Is 1637988488 a multiple of 17?
True
Does 1485 divide 80546400?
True
Is 39 a factor of 39042432?
True
Is 149318778 a multiple of 14?
True
Is 1000 a factor of 18419000?
True
Is 33 a factor of 4178295?
True
Is 2245471 a multiple of 61?
True
Does 77 divide 3446443?
True
Is 2294 a factor of 901338714?
False
Does 1742 divide 2978231686?
False
Is 563630313 a multiple of 78?
False
Does 139 divide 26209715?
False
Is 2 a factor of 1646934?
True
Does 24 divide 381889752?
True
Is 7 a factor of 143548426?
True
Is 149463072 a multiple of 96?
True
Is 4366 a factor of 423387013?
False
Is 43863875 a multiple of 125?
True
Is 967014315 a multiple of 645?
True
Does 616 divide 12696376?
True
Is 595257014 a multiple of 898?
False
Is 656155920 a multiple of 2480?
True
Is 2815374589 a multiple